= -2*b, -243 = -r + 3*b. Calculate the highest common divisor of r and 42.
42
Let m(a) = 6*a + 360. Let c be m(-28). Calculate the greatest common divisor of 84 and c.
12
Let z(h) = -h + 2. Suppose 0 = -3*t - p + 3, 2*t + p - 2 = 1. Let o be z(t). Calculate the highest common divisor of 10 and o.
2
Let w(n) = -3*n - 15. Let v be ((-28)/(-16))/(3/(-12)). Let i be w(v). Let f(z) = 11*z - 3. Let x be f(i). What is the highest common divisor of x and 9?
9
Let s = 8 + -13. Let j be (1 - 1) + -1 - s. Suppose 10 = 5*d + 5*v, -j*v = -3*d - d + 40. Calculate the greatest common divisor of 48 and d.
6
Let o = -16 - -8. Let d(y) = -11*y - 3. Let u(j) = -16*j - 4. Let a(c) = o*d(c) + 5*u(c). Let m be a(3). What is the greatest common factor of 4 and m?
4
Let c(k) = -k**3 - 16*k + 3. Let b be c(-5). What is the greatest common divisor of 16 and b?
16
Suppose 6 = 2*c - 50. Let a = -31 + 38. Calculate the greatest common factor of c and a.
7
Let o = 125 - 63. Calculate the greatest common factor of o and 4.
2
Let i(o) be the first derivative of o**4/4 - 7*o**3/3 + 3*o**2 + 8*o + 16. Let z be i(6). Suppose m - 8 = -0. What is the greatest common factor of m and z?
8
Suppose 33 - 1853 = -p. Suppose 0*m - p = -14*m. What is the highest common divisor of m and 26?
26
Suppose -7*k = -48 + 41. What is the greatest common divisor of 4 and k?
1
Let x = 48 - 34. Let w = 14 - x. Suppose -4*b + w = -5*h - 59, -81 = -5*b - h. Calculate the highest common factor of 16 and b.
16
Suppose r - 5*r = 3*f, -4*f = -5*r - 31. Let i be (-2 - r)*(3 + 0 - 2). Calculate the highest common divisor of 6 and i.
1
Let v = 318 + -316. What is the highest common factor of v and 16?
2
Let s(z) = -z**2 - 8*z + 21. Suppose 60 = -4*l + 20. Let b be s(l). Calculate the highest common divisor of 4 and b.
1
Let i be (-9)/(((-6)/32)/3). Let n be (-54)/(-5)*(-14)/(504/(-60)). Calculate the highest common divisor of n and i.
18
Suppose -5*a - 17 = -247. Suppose -68 = -4*g + 4*p, 2*g + 9*p - 10*p = 37. Let n = a - g. Calculate the highest common factor of n and 26.
26
Suppose 2*n = 3*g - 157, 4*n - 4 + 63 = g. Let j(s) = 25*s - 11. Let w be j(2). Let r be -3 + (w - (-2)/(-1)). What is the highest common divisor of r and g?
17
Let q be (1*(-104)/12)/((-1)/6). Calculate the highest common factor of q and 26.
26
Let r = 160 + 61. What is the highest common divisor of r and 52?
13
Let y(x) = -1 - 3*x - 1 + 1. Let l be y(-2). Let o(n) = -n**2 - 6*n + 1. Let w be o(-6). Calculate the greatest common divisor of w and l.
1
Suppose 4*n = -2*u + 52, 0*u + 5*u - 5*n = 55. Suppose -4*s = 15 - 31. What is the highest common divisor of s and u?
4
Let j be (28/(-42))/(2/(-24)). Calculate the highest common divisor of 88 and j.
8
Let x(w) = -w + 14. Let z be x(-20). Suppose -3*s + 5*k = -281, -5*s + s = -5*k - 383. What is the greatest common divisor of s and z?
34
Let g(p) = 7*p - 35. Let m be g(17). Suppose 15*j + m = 18*j. Calculate the highest common factor of j and 84.
28
Suppose -26*s + 31714 = 9614. What is the greatest common factor of s and 85?
85
Let f be ((-8)/12)/(3/(-9)). Let c(v) = v**3 - 6*v**f + 3*v + 0 - 3 + v**3 - v**3. Let k be c(6). Calculate the greatest common factor of k and 45.
15
Let v be -90*3/(3 + -12). Calculate the highest common divisor of 250 and v.
10
Suppose 0 = -3*v + 6*v + 12, 3*v = u - 23. Let n(p) = p**3 - 2*p**2 + 5*p + 3. Let o be n(4). Calculate the greatest common factor of u and o.
11
Let y(i) = -i**3 - 4*i**2 + 3*i + 1. Let u be y(-5). Let x be 3 + 0 - (-1 + 1). Suppose 7*b - 484 = x*b. What is the greatest common divisor of u and b?
11
Suppose 74 + 60 = g. Let o = -34 + g. Let c = 2 - -8. What is the greatest common divisor of c and o?
10
Suppose 3*r - 139 + 7 = -2*f, 5*r - 5*f = 220. What is the greatest common divisor of r and 374?
22
Let w be (6/5)/(3/(-10)). Let r be -4 - (w/(-4) - 131). What is the highest common factor of 14 and r?
14
Let g be ((-12)/(-14))/(9/42). Let v be (-24)/(-32) + 105/g. Let l = -1 + 10. Calculate the greatest common divisor of l and v.
9
Let v = -17 - -32. Let u = -106 + 102. Let k(q) = -22*q + 17. Let x be k(u). Calculate the greatest common factor of x and v.
15
Let f(a) = -1. Let s(v) = -11*v + 5. Let x(t) = -4*f(t) - s(t). Let o be x(5). What is the highest common divisor of o and 36?
18
Let p(k) = 2*k - 1. Let n be p(1). Let v be ((-2)/(-4))/(62/1364). What is the greatest common divisor of v and n?
1
Suppose -3*w + 5*z + 2450 = 0, 0 = -3*w - 0*z - 4*z + 2441. Suppose 4*p - w - 273 = 0. What is the highest common divisor of 17 and p?
17
Let c(l) = l**2 + 2*l - 1. Let s be c(-3). Suppose 3*k = 0, 2*t + s*k - 24 = -0*k. Calculate the greatest common factor of t and 108.
12
Let i(b) = -3*b**2 + 52. Let s be i(0). Suppose 5*h + 3*f - 9 = s, -3*h + f + 45 = 0. Calculate the greatest common factor of 84 and h.
14
Suppose -733 = -5*d - 2*w, -32*d = -33*d - 5*w + 165. Calculate the greatest common factor of 15 and d.
5
Let g(z) = z**2 - 7*z - 37. Suppose 110 = 6*u + 44. Let m be g(u). Calculate the highest common divisor of m and 7.
7
Suppose -5*o + o + 48 = 0. Suppose 2*d = 4*d - 376. Let a = d - 56. What is the greatest common factor of a and o?
12
Let z(j) = -j + 6. Let k = -83 - -68. Let i be z(k). What is the highest common factor of i and 168?
21
Suppose -3*q - 18*q = -3024. Calculate the highest common factor of 306 and q.
18
Let g = 11 - 7. What is the highest common divisor of g and 64?
4
Suppose 2*l + 2*l - 8 = 0. Let d be 384/21 - l/7. Let t be 18*11 - 3 - -3. What is the highest common factor of d and t?
18
Let u(y) = 2*y**2 + 4*y + 1. Let n be u(-2). Let o be (1/n)/((9/224)/9). Calculate the greatest common factor of o and 14.
14
Let g be (330/(-20) + -9)/((-1)/18). What is the highest common factor of 17 and g?
17
Suppose 4*i + 2*a + 6 = 4*a, 3*i - 4*a + 17 = 0. Let c = i + 10. Calculate the greatest common divisor of 11 and c.
11
Let y = -45 - -87. Let o = -7495 + 7509. What is the greatest common divisor of y and o?
14
Let u be (4/(-10))/(1/(-155)). Let o = -59 + u. Calculate the greatest common factor of o and 4.
1
Suppose -34*g + 15882 = 1024. What is the greatest common factor of 69 and g?
23
Let x be 492 + -3 - (6 - 11). What is the greatest common divisor of 38 and x?
38
Let y be -1 - 15/(-13) - (-2716)/91. Suppose -2*c + p + 21 = 0, 4*c + 2*p - y = 24. What is the greatest common divisor of c and 120?
12
Let z(t) = t**3 - 6*t**2 + 7*t + 33. Let f be z(6). Suppose 2*i + 140 = 7*i - 5*c, c = 4*i - 118. What is the greatest common divisor of i and f?
15
Let a(v) = -v**3 + 15*v**2 - 13*v - 14. Let w be a(14). Let l = 0 - w. Suppose l = 3*x - x - 36. Calculate the highest common factor of 12 and x.
6
Let k(u) = -17*u - 36. Suppose 0 = -4*f + s - 33, -2*f - 5*s + 2*s = 13. Let z be k(f). What is the highest common factor of 40 and z?
20
Let s(i) = -4*i**2 - 2*i + 2. Let t be s(2). Let d be 12/t*-1*6. Let o = d + 0. What is the highest common factor of 28 and o?
4
Let o be -1 + ((-678)/(-3))/2. Suppose -14*h - 12 = -18*h, 3*r = 4*h + 156. What is the highest common factor of r and o?
56
Suppose 0 = -5*q + 2*q. Suppose -4*n + 2 + 2 = q. Suppose -4*w + 9 = -3*w. What is the greatest common divisor of w and n?
1
Let t = -1623 - -1629. Calculate the greatest common factor of t and 111.
3
Suppose -d - g + 42 = -6*g, -2*g = 4*d - 124. Calculate the highest common divisor of d and 576.
32
Suppose 29*h - 30*h = -10. Suppose -13*r = -h*r - 6. What is the highest common divisor of r and 4?
2
Suppose 2*r - 4*i = 262, 10*r - 217 = 8*r - 5*i. Calculate the greatest common factor of 88 and r.
11
Suppose -w + 1 = -3*r - 32, -75 = -2*w - 3*r. Calculate the greatest common factor of w and 384.
12
Let b(l) = -l**3 + 12*l**2 + 18*l - 23. Let z be b(13). Let o(x) = -x**3 - 17*x**2 - 21*x - 17. Let m be o(-16). Calculate the highest common factor of z and m.
21
Suppose -3*d = 2*d + 4*y - 206, 0 = 4*y + 4. What is the greatest common factor of 70 and d?
14
Let w = 253 - 148. What is the greatest common factor of 14 and w?
7
Let t(q) = -51*q**3 + q**2 + 6*q + 5. Let b be t(-1). Suppose b - 1 = 5*d. What is the highest common factor of 110 and d?
10
Let n be 76 - (3 - (-10 - -21)). Let o = 42 + -21. Calculate the highest common divisor of n and o.
